 of m.
31
Let q = -6 + 8. Suppose q*y = -2, 0*y - 7 = -5*a - 3*y. Suppose d + 118 = 5*s, 5*d - 100 = -3*s - a*s. List the prime factors of s.
23
Let h(c) = -2*c + 4. Let y be h(8). List the prime factors of 6 - 5 - y*3.
37
Let r(z) = z**2 - 6*z + 4. Let q be r(6). Let o = -26 - -60. Suppose q*n = 3*n + o. What are the prime factors of n?
2, 17
Let t(d) = d**3 - 2*d**2 - 6*d + 1. Let a be t(4). Suppose 0 = 2*g - 5*g + a. Suppose 22 + 47 = g*u. List the prime factors of u.
23
Suppose 2*a + 5 - 1 = 0. Let j(h) = -h + 3. Let z be j(a). Suppose 3*t - 17 = -z*g + 4*t, t + 2 = 0. List the prime factors of g.
3
Let c(q) be the second derivative of 29*q**5/20 - q**4/12 + q**3/3 - q**2/2 - 6*q. What are the prime factors of c(1)?
29
Suppose g = 3*s - 3, -2*s - 5*g - 2 = -4. List the prime factors of 18/(-9)*(s - (-73)/(-2)).
71
Suppose -4*o = -5*p - 25, -2*p = 8 + 2. Suppose 20 = -o*i + 4*i. List the prime factors of i.
5
Suppose 4*r - 11303 = 721. What are the prime factors of r?
2, 3, 167
Let l = -32 + 38. Let p(o) = 3*o**2 - 6*o. List the prime factors of p(l).
2, 3
Suppose 3*x = 4*x - 24. Suppose -5*h + x = s, 5*h = 3*s + 11 + 17. Let a(i) = -23*i**3 + i**2 + 2*i + 1. What are the prime factors of a(s)?
23
Suppose 6*l = -5*j + 3*l + 102, j = 2*l + 23. Let f be (3 - j/3) + 3. What are the prime factors of 40 + 0/(f + -2)?
2, 5
Suppose -u + 0*p + 939 = 3*p, 4*u - 3756 = -5*p. What are the prime factors of u?
3, 313
Let s(j) be the second derivative of -2*j**4/3 + 3*j**3/2 - 5*j**2/2 - 10*j. Let i be s(4). Let m = i + 170. List the prime factors of m.
73
Let u = -645 + 1274. What are the prime factors of u?
17, 37
Let l(v) = 5*v**2 + 6*v - 18. Let q be l(6). Suppose q = 4*m + 3*a, -5*m + 88 + 148 = -2*a. What are the prime factors of m?
2, 3
Let u = 7052 + -2550. What are the prime factors of u?
2, 2251
Let n be (-4)/10 + 17792/80. Let j = -109 + n. List the prime factors of j.
113
Suppose -7*o + 245 = 7. Suppose g = 30 + o. List the prime factors of g.
2
Let h(m) be the second derivative of -m**5/20 + 5*m**4/6 + 2*m**3/3 + 7*m**2/2 + 5*m. What are the prime factors of h(8)?
167
Let n(x) = x**3 - 8*x**2 + 69*x - 14. What are the prime factors of n(6)?
2, 41
Let q = 471 + -263. What are the prime factors of q?
2, 13
Let b(c) = -c**3 - 3*c**2 - c - 70. Let w be b(0). Let f = -21 - w. List the prime factors of f.
7
Let f(c) = -c**3 - 4*c**2 - 8*c - 20. List the prime factors of f(-5).
3, 5
Suppose t = -g - 2, -3*g - 3 - 3 = -t. Let r be (-10)/(6 + (-20)/3). Suppose 2*c = 5*w - 2*w + 135, 5*w + r = t. What are the prime factors of c?
3, 7
Let z(k) = 2*k + 5. Let c be z(0). Suppose -p + c = 5*q, 0 = -q - 0*q. Suppose 2*u - 49 = -p*i + u, u = -4*i + 39. What are the prime factors of i?
2, 5
Let d = 12 + -15. Let m = d + 5. What are the prime factors of ((-46)/8)/(m/(-8))?
23
Let v be 70/4 + (-51)/34. Let o = 22 - 14. Let t = v - o. What are the prime factors of t?
2
Let h(c) = c**3 - 15*c**2 + 12*c. Let u be h(15). Let m = -82 + u. Suppose -3*b = -b - m. List the prime factors of b.
7
Let l = 1133 + -275. List the prime factors of l.
2, 3, 11, 13
Suppose q - 2*q + 3 = 4*k, 0 = 4*q + 5*k - 45. Suppose 3*h - q = -6. Suppose h*a = 2*a + 3. What are the prime factors of a?
3
Suppose 0*u + 2*u - 2 = 0. List the prime factors of u - (-4)/(12/201).
2, 17
Suppose -3*g + 6 = 5*q, 3*q = 2*q + 3*g + 12. Suppose 0 = -4*f + q*v - 9 + 97, -3*v = -f + 22. List the prime factors of f.
2, 11
What are the prime factors of 3/((-36)/(-3498)) - (-1)/(-2)?
3, 97
Suppose 0 = 22*k - 24*k + 358. List the prime factors of k.
179
Let h(l) = l**2 - 15*l - 20. Let m be (4/(-6))/(2/(-54)). Suppose -8*a = -7*a - m. List the prime factors of h(a).
2, 17
Suppose 2*q + z = 53, 5*z - z = -3*q + 67. What are the prime factors of q?
29
Suppose 16 = 5*k - i - 306, -2*i - 260 = -4*k. What are the prime factors of k?
2
Suppose -2*y + c + 1450 = 0, -683 = -4*y + 5*c + 2229. List the prime factors of y.
3, 241
Let m(s) = -s**3 + 23*s**2 + s + 1. What are the prime factors of m(23)?
2, 3
Let c(v) be the first derivative of v**3/3 - 7*v**2 - 9*v - 9. Let t be c(15). Let y(h) = -h + 20. What are the prime factors of y(t)?
2, 7
Let b = 8 - 12. Let f = 7 + b. Let j = 21 + f. List the prime factors of j.
2, 3
Suppose -9*s = 18*s - 64557. List the prime factors of s.
3, 797
Let n(v) = 2*v - 23. Let p be n(12). List the prime factors of 20*(-1)/(p/(-4)).
2, 5
Suppose 0 = -m + 187 + 154. What are the prime factors of m?
11, 31
Let c = -7320 - -11761. List the prime factors of c.
4441
Suppose -5*o + 2*v = -20, 1 = 5*o + 3*v + 6. Suppose -4*f + 373 = -5*b, 4*f - o*b + 3*b = 391. List the prime factors of f.
97
Let a = -21 - 1. Let t = a + 24. Suppose 0 = 5*c + t*c - 224. What are the prime factors of c?
2
Suppose 2*g - i - 1294 = 0, 0 = 4*g + i - 2660 + 84. List the prime factors of g.
3, 5, 43
Let m(b) = -b**3 + 10*b**2 - b + 10. Let a be m(10). Suppose a*q = 5*q - 215. What are the prime factors of q?
43
Suppose -18*f - 12*f = -44190. List the prime factors of f.
3, 491
Suppose -1056 = -2*u - 4*r, 2103 = 4*u + 3*r + 2*r. List the prime factors of 4/(-3) + u/27.
2, 3
Suppose 2*c = 6*c - 16. Suppose -14 = -c*f + 42. What are the prime factors of f?
2, 7
Let h = 4 + 0. Suppose -h*a + 110 = -274. List the prime factors of a.
2, 3
Suppose -20120 = -4*c - 6*t + 11*t, -c = t - 5021. What are the prime factors of c?
3, 5, 67
Let l(x) = x**2 - 10*x + 19. Let p be l(14). Let b = p - 16. What are the prime factors of b?
59
Let k = -98 + 217. List the prime factors of k.
7, 17
Let c(w) be the first derivative of 123*w**2 + w - 20. List the prime factors of c(1).
13, 19
Let j(d) = 2*d**2 + 16*d + 71. What are the prime factors of j(-5)?
41
Let q = 637 + -206. List the prime factors of q.
431
List the prime factors of (3 + -769)*(-1)/2.
383
Suppose 4*f - 7199 = 38*h - 43*h, 0 = 4*h - 2*f - 5754. What are the prime factors of h?
1439
Let b = 278 + 264. Suppose b = 7*p - 4. List the prime factors of p.
2, 3, 13
Suppose 1458 = -22*y + 24*y. List the prime factors of y.
3
Let v(r) be the third derivative of 13*r**4/24 - 5*r**3 + 7*r**2. List the prime factors of v(5).
5, 7
Suppose 3*a - 240 = -0*a. Suppose 6 - 26 = -4*s. Suppose -20 = -b - s*f, 4*b - 7*f - a = -3*f. What are the prime factors of b?
2, 5
Let o = 12263 - 7609. List the prime factors of o.
2, 13, 179
Suppose -h + 475 = -506. List the prime factors of h.
3, 109
Let r(m) = 215*m + 872. List the prime factors of r(7).
2377
Let v = -101 + 103. Suppose a + 4*a + 4*k = 741, 0 = -v*a + 4*k + 274. List the prime factors of a.
5, 29
Let d be (((-2979)/(-6))/(-3))/((-2)/4). Suppose -3*i + d = 4*u, -2*i + 214 = -2*u - 2*u. What are the prime factors of i?
109
Let y(z) = 2*z + 0 - 10*z - 6 + 1. Let g be y(-10). Suppose 6*q = q + g. What are the prime factors of q?
3, 5
Let f be 1/(1 + (-30)/35). Let a(g) = 14*g + 3. Let n be a(f). Let c = -41 + n. What are the prime factors of c?
2, 3, 5
Suppose -9*y + 2*y + 434 = 0. List the prime factors of y + 5*6/10.
5, 13
Suppose 0 = 5*h - 5, 2 = 3*w + h + 4*h. List the prime factors of 2/(-5 - w)*-60.
2, 3, 5
Let l(r) = -r**3 - r**2 + r + 1. Let u(k) = 3*k**3 - 13*k**2 + 24*k + 16. Let q(n) = -4*l(n) - u(n). List the prime factors of q(-18).
2, 5
Let b(r) = 7*r**2 + 3*r - 93. What are the prime factors of b(-15)?
3, 479
Let i(r) = -20*r + 17. What are the prime factors of i(-11)?
3, 79
Let n(p) = -2*p**3 - 3*p**2 - 10*p. List the prime factors of n(-5).
3, 5
Let a = -22 - -55. Let s = a - 27. What are the prime factors of s?
2, 3
Suppose 18304 = 747*l - 736*l. What are the prime factors of l?
2, 13
Suppose 5 = 2*p + 3. Let a be -1*p/(3/(-21)). Suppose -6*z - 15 = -a*z. List the prime factors of z.
3, 5
Let d(z) = 7*z - 6*z**2 + 2 - z**2 + 2*z**3 + 10 - 11*z. List the prime factors of d(5).
67
Suppose 3*t = -0 + 24. Let y be ((-2)/t)/(-1)*4. Suppose 1 = n - y. List the prime factors of n.
2
Let x(a) = -337*a + 16. List the prime factors of x(-9).
3049
Suppose 5*z - 2520 = -5*g, -5*g - 2514 = -10*g - 2*z. What are the prime factors of g?
2, 251
Suppose -11950 - 29982 = -11*f. What are the prime factors of f?
2, 953
Let v = 53 - 40. Suppose v*x - 1537 = 946. What are the prime factors of x?
191
Let j = 32 - -151. Let x = j - 112. Li